c**2 - 8*c - 6. Calculate f(a).
1
Suppose -4*g - 10 = -r - 2*g, 0 = 4*r + 3*g - 51. Suppose -4*l - 4 = r. Let s(y) be the third derivative of -y**4/8 - 5*y**3/6 + 14*y**2. Calculate s(l).
7
Suppose j = -1 - 0. Let t(a) be the first derivative of -206 + 0*a - 10/3*a**3 - 1/2*a**2. Give t(j).
-9
Let i(u) = -u**3 - 8*u**2 - 12*u - 31. Let z(s) = -4*s**3 + 10*s**2 - 4*s - 7. Let l be z(2). Give i(l).
4
Let d = -3 - -49. Let c(g) = 55 + d + 50 + g - 164. Give c(10).
-3
Let n(w) = -5*w + 90. Let z(b) = 4*b - 51. Let a(r) = -2*n(r) - 3*z(r). Determine a(23).
-73
Let y(m) = -m**2 - 21*m - 35. Suppose 0 = 2*t - 3*c + 51, -11*c + 101 = -7*t - 16*c. Calculate y(t).
19
Let x(k) = 6. Let s(m) = m + 6. Let d(a) = -5*s(a) + 6*x(a). Suppose -7*g - f - 10 = -9*g, 0 = -5*f - 10. What is d(g)?
-14
Suppose -3*f + 11 - 5 = 0. Let d(p) = 5*p + p**2 + 1 + p**3 - 8*p - p - 2. Calculate d(f).
3
Let s(m) be the third derivative of -9*m**5/20 - 3*m**2 - 186*m + 2. Calculate s(-1).
-27
Let z(s) be the third derivative of -s**7/2520 - s**6/120 + s**5/30 + 13*s**4/24 + s**2 - 121*s. Let l(q) be the third derivative of z(q). Calculate l(-5).
4
Let o(q) = -q - 4. Let b(y) = 2*y**3 - 7*y**2 + 13*y + 6. Let z be b(5). Let c = -156 + z. What is o(c)?
6
Let t be (7 - 3)*(5 + 2). Let g = t + -16. Suppose -5*q - g - 3 = 0. Let w(i) = i**2 + 3*i + 3. Determine w(q).
3
Let x(k) be the first derivative of -k**3/3 - 3*k**2 - 7*k + 91. Let t(m) = -m**3 + 2*m**2 + 3*m - 6. Let y be t(3). Determine x(y).
-7
Let r(s) be the third derivative of -s**5/60 - 7*s**4/12 - 8*s**3/3 - s**2. Let y(g) = -2*g**2 - 864*g + 117927. Let f be y(109). Determine r(f).
17
Let g(w) be the third derivative of -w**6/120 - w**5/60 - 9*w**2. Suppose 0 = 5*u - 18879 + 18889. Determine g(u).
4
Let c(w) = -2*w**2 + 5*w - 3. Let o = 604 + -612. Let k be (-1)/((8/o)/5). What is c(k)?
-28
Suppose 75 + 35 = 11*b. Let k(d) = 339*d**3 + 2*d**2 - 340*d**3 - 9 + 2*d**2 + b*d. Give k(6).
-21
Suppose -y + 0*i + 3 = -3*i, 2*i - 26 = -4*y. Suppose -y*x = -2*x - 40. Let c(w) = -1 - 7*w + 13*w - 3 - x*w. Give c(-4).
12
Suppose -266 = -8*m - 298. Let x(p) = 3*p**3 + 23*p**2 + p - 35. Let i(u) = u**3 + 8*u**2 - 12. Let f(l) = -8*i(l) + 3*x(l). Determine f(m).
-5
Let h(y) = -y**3 - 7*y**2 + 5. Let b = 238 + -219. Let l(w) = 4*w - 83. Let c be l(b). Determine h(c).
5
Let f(l) = 2*l**2 + 5*l + 5. Suppose -4*d = -5*m - 4 - 35, -m + 27 = 5*d. Give f(m).
8
Let p(w) = w**2 + 3*w. Let i(t) = -t**3 - 6*t**2 + 3*t + 8. Let f(y) = -i(y) + 4*p(y). Give f(-9).
-8
Let d(a) = 2*a - 2. Let g be -38*((-28)/8)/(-1). Let n = g - -133. Determine d(n).
-2
Let s(k) = k**2 - 9*k - 12. Let f(r) = -4*r**2 + 250*r + 656. Let d be f(65). Determine s(d).
-30
Let n(r) = -r - 4. Let k(y) = -6*y**3 + y**2 + y + 1. Let f be k(-1). Suppose 4*j = 3*j + f. Suppose j*p = 2*p - 25. Determine n(p).
1
Let f(l) = l**3 - 2*l**2 + 2*l. Let h be f(2). Let n(c) = -2 + 4*c - c + h. Suppose -40*x + 122*x = 328. Calculate n(x).
14
Suppose -2*x = x. Let q(k) = 6 + k**2 + x - 1 - 6*k. Let d(y) = y**2 + 115*y - 348. Let i be d(3). Calculate q(i).
5
Let u(h) = 28*h**2 - 20*h - 14. Let k(v) = 5*v**2 - 4*v - 2. Let i(x) = -11*k(x) + 2*u(x). What is i(0)?
-6
Let b(a) = a**3 - 24*a**2 - a + 27. Let g be 261/11 + (-69)/(-253). Give b(g).
3
Let r(c) be the third derivative of -c**6/120 + c**5/60 + c**4/24 + 19*c**3/6 - 1758*c**2. Determine r(3).
4
Let x = 9588 - 191759/20. Let k(z) be the second derivative of 0 + 1/2*z**4 + x*z**5 - 4*z - 3/2*z**2 - 7/6*z**3. Calculate k(-7).
-3
Let z(r) be the third derivative of -r**6/60 - 11*r**5/30 - r**4/2 - 10*r**3/3 + 4771*r**2. Determine z(-11).
112
Let h(s) = -145 + s**3 + 7*s + 0*s**3 + 147 - 71*s**2 + 74*s**2 - s. Determine h(-2).
-6
Suppose 69*h = -1286 + 527. Let x(s) = -s**3 - 12*s**2 - 10*s + 10. Calculate x(h).
-1
Let x(l) be the first derivative of -2*l**3/3 - l**2 + l + 1. Suppose f - 1 + 8 = 3*q, -5*f = -5*q + 5. Suppose 9 = -z - f*z. Determine x(z).
-11
Let h(x) = -14*x - 50. Let s(r) = 8*r - 631. Let a be s(78). Determine h(a).
48
Suppose 0 = -0*m + 7*m - 6*m. Let t(f) = -3*f - 3. Let p(l) = l + 3. Let v(z) = -4*p(z) - t(z). What is v(m)?
-9
Let s = -19647 + 19651. Let l(k) = 2*k + 3. Calculate l(s).
11
Let k(z) be the third derivative of 0*z + 1/3*z**3 - 1/4*z**4 - 13*z**2 - 1/30*z**5 + 3. Calculate k(-5).
-18
Suppose 5*m + 4 + 1 = 0. Let f(c) be the third derivative of -c**5/12 - c**3/6 - 9968*c**2. Give f(m).
-6
Let f(g) = -22*g - 17*g - 24*g - 240 + 16*g. What is f(-5)?
-5
Let z(i) = -2*i - 9. Suppose 0 = -2*m + 223 - 215. Suppose 0 = r - 5*u - 9 + m, 0 = -5*r + u + 1. Calculate z(r).
-9
Let o(x) = 29 + 14*x - 10*x - 2 + 16*x + 2*x. Calculate o(-6).
-105
Suppose 0 = 2*d - 10*d + 24. Let t(c) = c - 6*c**2 - 12*c**3 + 3*c**d + 7*c**2. Suppose k + 1 = -0. Give t(k).
9
Let d(q) = 2*q + 7. Let x = -8266 + 8255. Determine d(x).
-15
Let k(v) = v**2 - 2*v - 26. Let l be 31/(-279) - (-46)/9. Give k(l).
-11
Let n be (3/(-15) - (-12)/(-40))*-34. Let x(y) = n*y - 11*y - 7*y. Suppose -8 - 16 = 4*k. What is x(k)?
6
Let l(m) = -4*m**3 + 25*m**2 - 4315*m + 7 + 5*m**3 + 4289*m. Give l(-26).
7
Let x be -35*(-3 - -7)/(-4). Suppose 0 = -16*z + x*z. Let y(h) = h - 2. Calculate y(z).
-2
Let a(j) = -74*j - 216. Let k be a(-3). Let h(l) = 6*l - 49. What is h(k)?
-13
Suppose 135*p + 54 = 144*p. Let j(q) = -10*q**2 - 1. Let t(o) = -28*o**2 + o - 4. Let g(u) = p*t(u) - 17*j(u). What is g(-5)?
13
Suppose 3*d + 4 = -d + 5*r, d + 1 = r. Let p(t) = -16 + 13 + 0 - 2*t**2 - t - 5*t. Let c(q) = 5*q**2 + 10*q + 5. Let z(f) = 3*c(f) + 5*p(f). Determine z(d).
5
Let u(y) = y**3 - 8*y**2 - y + 5. Suppose 0 = -15*a + 19*a - 5*h - 17, 27 = 3*a + h. Calculate u(a).
-3
Let i(d) = -2*d**3 + d**3 + 10 - 5*d + 9*d**2 - 3*d. Let l(f) = -6*f**2 - 376*f - 952. Let o be l(-60). Give i(o).
10
Let u = 37930 - 37943. Let m(p) = p**3 + 12*p**2 - 15*p + 14. Calculate m(u).
40
Let p(o) = 33*o**2 - 71*o**2 + 2 - 5*o + 37*o**2. Let u = 7 + 0. Suppose 3*n = -5*d - 0*d + u, -25 = -5*d. Determine p(n).
-4
Let u(i) = i**3 + 11*i**2 + 9*i - 14. Let q(m) be the second derivative of m**4/12 + m**3/2 - 5*m**2 + 12*m + 5. Let g be q(-3). Calculate u(g).
-4
Let p be 9/(-27) + (-10)/(-3). Let u(a) = p*a + 4*a**2 - 3*a**2 - a**2 + 3*a**2 + 3. Suppose 57 = -21*h + 15. Determine u(h).
9
Let u = 3 - 4. Let n = -1 + u. Let p(s) be the third derivative of s**6/120 + s**5/20 - s**4/24 - s**3/6 - 53*s**2 - 11*s. Give p(n).
5
Let t be 58/(-754) - (-53)/13. Let v(s) be the first derivative of -s**3/3 + 2*s**2 + 2*s + 2. Determine v(t).
2
Let u(g) be the third derivative of g**7/840 + g**6/60 + g**5/24 + g**4/12 + 31*g**3/3 + 29*g**2. Let b(n) be the first derivative of u(n). Give b(-5).
2
Suppose 3*o = 3*a - 66, -6 = -3*a - 18. Let n(t) = -4*t**2 - 102*t + 36. Calculate n(o).
-16
Let s(v) = -7352461*v - 14 + 87*v**2 - 3*v**3 + 7352461*v. Determine s(29).
-14
Let f(j) = 46*j**3 - 3*j - 356 - 5*j**2 + 365 + 8*j - 47*j**3. Give f(-5).
-16
Let y(p) = -24*p + 53*p**2 - 7 + 56*p - p**3 - 61*p**2 - 34*p + 5. Let c(f) = 7*f**3 + f**2 + 2*f + 1. Let a be c(-1). Give y(a).
-37
Let c(v) = -2*v**2 - 30*v + 105. Let m(z) = z**3 - 47*z**2 - 24*z + 1110. Let a be m(47). Calculate c(a).
-3
Let u(p) = 6. Let i(n) = -3*n + 5. Let c(a) = i(a) + u(a). Let d(v) = 5*v**3 + v - 1. Let t be d(1). Calculate c(t).
-4
Let n(l) = 2*l + 103*l**2 + 67 + 132*l**2 - 423*l**2 + 144*l**2 - l**3 + 21. Calculate n(-44).
0
Suppose g + 10 = -s - 2*s, 5*s = -5*g - 40. Let p be (-1 - 0)/(4/(-52)). Let l(j) = -2 + 15*j - 4 - p*j - 2. Determine l(g).
-22
Let h(m) = -726 + m**2 - 15*m + 4*m + 9*m - 17*m. Determine h(-19).
-4
Suppose -19 = -33*o + 34*o. Let f = o - -25. Let s(i) = -i**2 + 3*i + 3. Give s(f).
-15
Let j(k) = 8*k**2 - 10*k - 86. Let y be j(-6). Let p = -257 + y. Let b(d) = -2*d + 6. Give b(p).
-4
Let f(a) = -a**2 + 2*a + 4. Suppose 19 = -4*g - 1. Let v be 5 + (45/g)/1. Determine f(v).
-20
Let m(p) = -18*p - 4. Let w be 6*80/(-32) - -16. What is m(w)?
-22
Let n(r) = 6*r**3 - 64*r**2 + 39*r + 14. Let q be n(10). Suppose -k + 2*k = 4. Let x(v) = -4*v**3 - q - 4*v**3 - k*v**2 + 9*v**3 + 5*v. Determine x(4).
16
Let q(w) = -5*w**3 + 2*w**2 - 1. Suppose -10 = -5*i + 2*z, -5*i + 136*z - 141*z + 10 = 0. Determine q(i).
-33
Let n(y) = 2*y*